1, what is 2575 + -21?
2554
In base 11, what is 5 + -1061383?
-1061379
In base 3, what is -2111 + 10110011101002?
10110011021121
In base 14, what is -34 - -5b36d?
5b339
In base 14, what is 34 - -2500c8?
25011c
In base 11, what is 4 - 13a2235?
-13a2231
In base 12, what is -86748 - -93?
-86675
In base 6, what is 100144 - 2051152?
-1551004
In base 7, what is 22216230 + -34?
22216163
In base 7, what is 6 - -14225516?
14225525
In base 13, what is -1ac19 + -92b3?
-271cc
In base 16, what is 2f - 352a3?
-35274
In base 3, what is 2111000200 - 1010011?
2102220112
In base 13, what is -3 - -5b4662?
5b465c
In base 8, what is 736 - -500207?
501145
In base 4, what is 32220333232 - -1?
32220333233
In base 3, what is -11 - -12120210022021?
12120210022010
In base 3, what is -221010022000 + -2001?
-221010101001
In base 13, what is bc2713 - 6?
bc270a
In base 13, what is 3 + 535676?
535679
In base 15, what is 2e75 + 2e6c?
5de2
In base 4, what is -31330312 + 1230?
-31323022
In base 11, what is 812 - -472748?
47345a
In base 11, what is 17202434 + 1?
17202435
In base 13, what is -59 + -2709a8?
-270a34
In base 9, what is -363771 - -625?
-363145
In base 6, what is -11032410011 + -4?
-11032410015
In base 4, what is 2222 + 1311300132?
1311303020
In base 4, what is -1002233 - -130203021?
123200122
In base 14, what is -25d41 + -a40?
-26981
In base 2, what is -1011001 + -1101001111111011?
-1101010001010100
In base 16, what is -a5c7 - -5bd?
-a00a
In base 4, what is 201202 - 232001?
-30133
In base 3, what is 110210000100 + 220?
110210001020
In base 14, what is 332 + -2560?
-222c
In base 11, what is 174341364 - -1?
174341365
In base 14, what is 16 - -1ab054?
1ab06a
In base 14, what is -433c72 + 2?
-433c70
In base 2, what is 10110011101 - 1100100110100010?
-1100010000000101
In base 8, what is -1450410 + 43?
-1450345
In base 7, what is -1001153063 - 0?
-1001153063
In base 14, what is a605 + 2697?
cc9c
In base 15, what is 243c + -38?
2404
In base 8, what is -4 - -7144331?
7144325
In base 6, what is -2531 - 1113540?
-1120511
In base 5, what is -134340042013 + 4?
-134340042004
In base 13, what is 2 - 1a64026?
-1a64024
In base 2, what is 100110000110 + -111010001101010?
-110101011100100
In base 12, what is -94555730 + 3?
-94555729
In base 8, what is 403 + -13316?
-12713
In base 10, what is 1733255 + -5?
1733250
In base 4, what is -203202 - -323102231?
322233023
In base 15, what is -1958d9ad + -3?
-1958d9b1
In base 5, what is -400112 - -4200?
-340412
In base 14, what is -56a + 19ba03?
19b477
In base 2, what is 10101010000 + -110101010100110101?
-110100111111100101
In base 12, what is -1972b2 - -3?
-1972ab
In base 4, what is 0 - -122113310020?
122113310020
In base 12, what is -642a084 + 5?
-642a07b
In base 12, what is -47 - -69375?
6932a
In base 9, what is -218580 + -603?
-220283
In base 12, what is -2 - 63296?
-63298
In base 8, what is 1 - 11336021?
-11336020
In base 9, what is -3 + -533444?
-533447
In base 14, what is 388 - -2bb43?
2c0cb
In base 2, what is 10010001101100111101 + 10?
10010001101100111111
In base 14, what is -b3a3 + b2?
-b2d1
In base 9, what is -28 - -1340658?
1340630
In base 12, what is -165837411 - 4?
-165837415
In base 3, what is 2111112002201 - -1112?
2111112011020
In base 2, what is -10 - 1001000001010110101100011?
-1001000001010110101100101
In base 8, what is -4000 + -3773?
-7773
In base 15, what is -111 + 28089?
27e78
In base 9, what is -43 - 26838731?
-26838774
In base 16, what is -1fd + -708c?
-7289
In base 12, what is 472 + 7993?
8245
In base 5, what is -13240430 + 30242?
-13210133
In base 13, what is 4068a8 + 3?
4068ab
In base 11, what is -191 - 1844404?
-1844595
In base 5, what is -11320 - -414230?
402410
In base 16, what is 8c033 + -196?
8be9d
In base 10, what is 1 - 11937425?
-11937424
In base 9, what is -1571412 - 40?
-1571452
In base 12, what is -66b2 - -1547?
-5167
In base 10, what is 317314343 - 1?
317314342
In base 2, what is 10110000 - 10110110100011101?
-10110110001101101
In base 13, what is -2c + 7c08b?
7c05c
In base 15, what is 50619 + 24?
5063d
In base 5, what is 3032400 - -13004?
3100404
In base 15, what is -51a9b - -60?
-51a3b
In base 15, what is -83b022de - -3?
-83b022db
In base 3, what is -1122 + 12102122?
12101000
In base 5, what is 1 + 22312313424?
22312313430
In base 3, what is 2 - 10211022211100?
-10211022211021
In base 9, what is 6740416 - 1?
6740415
In base 5, what is -41211213321 - -10?
-41211213311
In base 11, what is 251a + -1779?
851
In base 4, what is 20 - 223033333000?
-223033332320
In base 2, what is 11101110011000111010 + -1110?
11101110011000101100
In base 14, what is a39278 - 11?
a39267
In base 13, what is -4 + -6862156?
-686215a
In base 11, what is 1687901a6 + 2?
1687901a8
In base 11, what is -1689027 - -4?
-1689023
In base 14, what is 339 + 5b44?
607d
In base 15, what is -55bd - 46?
-5614
In base 10, what is -2439 - 137?
-2576
In base 14, what is -4 + 218221b8?
218221b4
In base 9, what is -22 + 1263175?
1263153
In base 10, what is -62 + 388029?
387967
In base 12, what is 3bab + -98aa?
-58bb
In base 7, what is 106050631 + -5?
106050623
In base 2, what is -1010011011001010110010 + 101101?
-1010011011001010000101
In base 10, what is 4160346 + -105?
4160241
In base 13, what is 150 + 5579?
56c9
In base 4, what is 222 + -3020311320?
-3020311032
In base 2, what is 101001110100011010001101 + -10?
101001110100011010001011
In base 12, what is -229b6935 + -5?
-229b693a
In base 3, what is -120122011110120 + 1000?
-120122011102120
In base 3, what is 10002212002200 + -12?
10002212002111
In base 16, what is -81 - 5edfa?
-5ee7b
In base 5, what is -10 - -2020032413?
2020032403
In base 13, what is 2a8b72 - -15?
2a8b87
In base 16, what is -8396 + 4583?
-3e13
In base 15, what is -5 - -15136?
15131
In base 5, what is 13300000 + 4213?
13304213
In base 2, what is 100000 - -10010110001111000101011?
10010110001111001001011
In base 10, what is -3 + -70699479?
-70699482
In base 11, what is -287 - -1218952?
1218676
In base 12, what is -196522 + -aa?
-196610
In base 11, what is -1362 - -a62?
-400
In base 11, what is 449291 + 69?
44934a
In base 10, what is -1 + 300392871?
300392870
In base 10, what is -2509 + -22275?
-24784
In base 3, what is 20200222 + -12112120200?
-12021212201
In base 4, what is -2103 + -10011300?
-10020003
In base 5, what is -421 - -4403203?
4402232
In base 9, what is 30506 + 267?
30774
In base 3, what is 1 + 212010111020222001?
212010111020222002
In base 14, what is 8 + b952d5d?
b952d67
In base 4, what is 3022100012023 + -132?
3022100011231
In base 14, what is -330 - 15c73?
-161a3
In base 6, what is 1321205 - 1055?
1320110
In base 11, what is 5 + -13a9756?
-13a9751
In base 12, what is -830163a - 3?
-8301641
In base 4, what is -3322233 - -231102?
-3031131
In base 3, what is 22 + -2210222020120?
-2210222020021
In base 8, what is 1 + 20646464?
20646465
In base 10, what is -238380 + 246?
-238134
In base 10, what is -17627 - -432?
-17195
In base 16, what is -2 - 18d7bd1?
-18d7bd3
In base 10, what is -20758064 - -1?
-20758063
In base 13, what is -261 - 22725?
-22986
In base 2, what is 1011001000001111 + 11110101001?
1011100110111000
In base 4, what is 2232212 - 12220?
2213332
In base 15, what is -2c2616 + 2?
-2c2614
In base 16, what is 30f + -494c?
-463d
In base 7, what is 425134 - -12431?
440565
In base 6, what is -405311 + -4325?
-414040
In base 11, what is 3282778 + -18?
3282760
In base 7, what is -201 + 326025?
325524
In base 16, what is -38d10 + -1ed?
-38efd
In base 15, what is -1e - ba1612?
-ba1631
In base 7, what is -2263435120 - -4?
-2263435113
In base 2, what is 10010100110 + -11010110001100100?
-11010011110111110
In base 12, what is 4 + aa11a17?
aa11a1b
In base 3, what is -1110220111012 + -10?
-1110220111022
In base 10, what is 40 + 4223170?
4223210
In base 2, what is -111111111001011110 - -10111011000?
-111111100010000110
In base 2, what is -11011110101000 - -100001011000?
-10111101010000
In base 12, what is -937aa3a2 - 0?
-937aa3a2
In base 6, what is -35252314 + 10200?
-35242114
In base 3, what is 21 + -2001102202212?
-2001102202121
In base 3, what is 111021221200 - -1020201?
111100012101
In base 9, what is -121 + 44710?
44578
In base 13, what is 25b19b52 + -5?
25b19b4a
In base 16, what is -68 + bcdd?
bc75
In base 12, w